{"id":12945,"date":"2020-06-16T16:28:11","date_gmt":"2020-06-16T14:28:11","guid":{"rendered":"http:\/\/villagedefeves.fr\/efeveswp\/?page_id=12945"},"modified":"2023-01-25T11:59:15","modified_gmt":"2023-01-25T10:59:15","slug":"infos-pratiques","status":"publish","type":"page","link":"https:\/\/villagedefeves.fr\/?page_id=12945","title":{"rendered":"Infos Pratiques"},"content":{"rendered":"\t\t<div data-elementor-type=\"wp-page\" data-elementor-id=\"12945\" class=\"elementor elementor-12945\">\n\t\t\t\t\t\t<section class=\"elementor-section elementor-top-section elementor-element elementor-element-0079612 elementor-section-boxed elementor-section-height-default elementor-section-height-default\" data-id=\"0079612\" data-element_type=\"section\" data-e-type=\"section\">\n\t\t\t\t\t\t<div class=\"elementor-container elementor-column-gap-default\">\n\t\t\t\t\t<div class=\"elementor-column elementor-col-100 elementor-top-column elementor-element elementor-element-ff2862b\" data-id=\"ff2862b\" data-element_type=\"column\" data-e-type=\"column\">\n\t\t\t<div class=\"elementor-widget-wrap elementor-element-populated\">\n\t\t\t\t\t\t<div class=\"elementor-element elementor-element-aef2b40 elementor-widget elementor-widget-text-editor\" data-id=\"aef2b40\" data-element_type=\"widget\" data-e-type=\"widget\" data-widget_type=\"text-editor.default\">\n\t\t\t\t<div class=\"elementor-widget-container\">\n\t\t\t\t\t\t\t\t\t<h3 class=\"wpb_accordion_header ui-accordion-header\">Services d&rsquo;urgence<\/h3><div class=\"wpb_accordion_content ui-accordion-content vc_clearfix\"><div class=\"wpb_text_column wpb_content_element \"><div class=\"wpb_wrapper\"><table border=\"1\" width=\"454\"><tbody><tr><td>SAMU<\/td><td><a href=\"tel:\/\/15\">15<\/a><\/td><\/tr><tr><td>POMPIERS<\/td><td><a href=\"tel:\/\/18\">18<\/a><\/td><\/tr><tr><td>POLICE SECOURS<\/td><td><a href=\"tel:\/\/17\">17<\/a><\/td><\/tr><tr><td>URGENCES<\/td><td><a href=\"tel:\/\/112\">112<\/a><\/td><\/tr><tr><td>Gendarmerie de Maizi\u00e8res les Metz<\/td><td><a href=\"tel:\/\/+33387805603\">03 87 80 56 03<\/a><\/td><\/tr><tr><td>Centre Anti-Poisons de Nancy<\/td><td><a href=\"tel:\/\/+33383225050\">03 83 22 50 50<\/a><\/td><\/tr><tr><td>M\u00e9decins de Garde (Service de R\u00e9gulation)<\/td><td><a href=\"tel:\/\/0820332020\">08 20 33 20 20<\/a><\/td><\/tr><tr><td>Pharmacies de Garde<\/td><td><a href=\"tel:\/\/0387585300\">03 87 58 53 00<\/a><\/td><\/tr><\/tbody><\/table><\/div><\/div><\/div><h3 class=\"wpb_accordion_header ui-accordion-header\">Infirmi\u00e8res<\/h3><div class=\"wpb_accordion_content ui-accordion-content vc_clearfix\"><div class=\"wpb_text_column wpb_content_element \"><div class=\"wpb_wrapper\"><table border=\"1\" width=\"454\"><tbody><tr><td><p>Mme Minighetti Maryse ou <span style=\"font-family: inherit; font-size: inherit;\">Mme Georges Isabelle<\/span><\/p><\/td><td><p><a href=\"callto:\/\/+33387308164\">03 87 30 81 64<\/a><\/p><p>(<a href=\"tel:\/\/+33671973756\">06 71 97 37 56<\/a>)<\/p><\/td><\/tr><\/tbody><\/table><\/div><\/div><\/div><h3 class=\"wpb_accordion_header ui-accordion-header\">Num\u00e9ros utiles<\/h3><div class=\"wpb_accordion_content ui-accordion-content vc_clearfix\"><div class=\"wpb_text_column wpb_content_element \"><div class=\"wpb_wrapper\"><table border=\"1\" width=\"454\"><tbody><tr><td>SIEGVO Amanvillers (eau)<\/td><td><a href=\"tel:\/\/+33387534043\">03 87 53 40 43<\/a><\/td><\/tr><tr><td>Usine d&rsquo;Electricit\u00e9 de METZ<\/td><td><a href=\"tel:\/\/0810303510\">08 10 30 35 10<\/a><\/td><\/tr><tr><td>GDF<\/td><td><a href=\"tel:\/\/0810433057\">08 10 43 30 57<\/a><\/td><\/tr><tr><td>C.R.I.R (\u00e9tat des routes)<\/td><td><a href=\"tel:\/\/0826022022\">08 26 02 20 22<\/a><\/td><\/tr><tr><td>C.I.R.A (renseignements administratifs)<\/td><td><a href=\"tel:\/\/+33387319191\">03 87 31 91 91<\/a><\/td><\/tr><tr><td>Inter Service Parents<\/td><td><a href=\"tel:\/\/+33387690456\">03 87 69 04 56<\/a><\/td><\/tr><tr><td>S.O.S Amiti\u00e9s<\/td><td><a href=\"tel:\/\/+33387636363\">03 87 63 63 63<\/a><\/td><\/tr><tr><td>Secours Populaire Fran\u00e7ais<\/td><td><a href=\"callto:\/\/+33387750816\">03 87 75 08 16<\/a><\/td><\/tr><tr><td>Secours Catholique<\/td><td><a href=\"tel:\/\/+33387762153\">03 87 76 21 56<\/a><\/td><\/tr><tr><td>Drogue Info Service<\/td><td><a href=\"tel:\/\/0800231313\">08 00 23 13 13<\/a><\/td><\/tr><tr><td>Espace Ecoute Jeunes<\/td><td><a href=\"tel:\/\/+33387690432\">03 87 69 04 32<\/a><\/td><\/tr><tr><td>Assistance Sociale (Maizi\u00e8res-Les-Metz)<\/td><td><a href=\"tel:\/\/+33387516326\">03 87 51 63 26<\/a><\/td><\/tr><tr><td>Correspondant R\u00e9publicain Lorrain<\/td><td><a href=\"mailto:hubertrepovy@gmail.com\">hubertrepovy@gmail.com<\/a><\/td><\/tr><\/tbody><\/table><\/div><\/div><\/div>\t\t\t\t\t\t\t\t<\/div>\n\t\t\t\t<\/div>\n\t\t\t\t\t<\/div>\n\t\t<\/div>\n\t\t\t\t\t<\/div>\n\t\t<\/section>\n\t\t\t\t<section class=\"elementor-section elementor-top-section elementor-element elementor-element-f48d4b5 elementor-section-boxed elementor-section-height-default elementor-section-height-default\" data-id=\"f48d4b5\" data-element_type=\"section\" data-e-type=\"section\">\n\t\t\t\t\t\t<div class=\"elementor-container elementor-column-gap-default\">\n\t\t\t\t\t<div class=\"elementor-column elementor-col-100 elementor-top-column elementor-element elementor-element-982ff25\" data-id=\"982ff25\" data-element_type=\"column\" data-e-type=\"column\">\n\t\t\t<div class=\"elementor-widget-wrap elementor-element-populated\">\n\t\t\t\t\t\t<div class=\"elementor-element elementor-element-1ecd35a elementor-widget elementor-widget-text-editor\" data-id=\"1ecd35a\" data-element_type=\"widget\" data-e-type=\"widget\" data-widget_type=\"text-editor.default\">\n\t\t\t\t<div class=\"elementor-widget-container\">\n\t\t\t\t\t\t\t\t\t<h3 class=\"wpb_accordion_header ui-accordion-header\">D\u00e9chetteries<\/h3>\n<div class=\"wpb_accordion_content ui-accordion-content vc_clearfix\">\n<div class=\"wpb_text_column wpb_content_element \">\n<div class=\"wpb_wrapper\">\n\nConsultez les horaires sur le site <a href=\"https:\/\/www.rivesdemoselle.fr\/au-quotidien\/gestion-des-dechets\/reseau-des-decheteries\/\">Rives de moselle<\/a>\n\n<\/div>\n<\/div>\n<\/div>\t\t\t\t\t\t\t\t<\/div>\n\t\t\t\t<\/div>\n\t\t\t\t\t<\/div>\n\t\t<\/div>\n\t\t\t\t\t<\/div>\n\t\t<\/section>\n\t\t\t\t<\/div>\n\t\t","protected":false},"excerpt":{"rendered":"<p>Services d&rsquo;urgence SAMU 15 POMPIERS 18 POLICE SECOURS 17 URGENCES 112 Gendarmerie de Maizi\u00e8res les Metz 03 87 80 56 03 Centre Anti-Poisons de Nancy 03 83 22 50 50 M\u00e9decins de Garde (Service de R\u00e9gulation) 08 20 33 20 20 Pharmacies de Garde 03 87 58 53 00 Infirmi\u00e8res Mme Minighetti Maryse ou Mme &#8230; <a title=\"Infos Pratiques\" class=\"read-more\" href=\"https:\/\/villagedefeves.fr\/?page_id=12945\" aria-label=\"En savoir plus sur Infos Pratiques\">Lire la suite<\/a><\/p>\n","protected":false},"author":1,"featured_media":0,"parent":0,"menu_order":0,"comment_status":"closed","ping_status":"closed","template":"","meta":{"footnotes":""},"class_list":["post-12945","page","type-page","status-publish"],"_links":{"self":[{"href":"https:\/\/villagedefeves.fr\/index.php?rest_route=\/wp\/v2\/pages\/12945","targetHints":{"allow":["GET"]}}],"collection":[{"href":"https:\/\/villagedefeves.fr\/index.php?rest_route=\/wp\/v2\/pages"}],"about":[{"href":"https:\/\/villagedefeves.fr\/index.php?rest_route=\/wp\/v2\/types\/page"}],"author":[{"embeddable":true,"href":"https:\/\/villagedefeves.fr\/index.php?rest_route=\/wp\/v2\/users\/1"}],"replies":[{"embeddable":true,"href":"https:\/\/villagedefeves.fr\/index.php?rest_route=%2Fwp%2Fv2%2Fcomments&post=12945"}],"version-history":[{"count":25,"href":"https:\/\/villagedefeves.fr\/index.php?rest_route=\/wp\/v2\/pages\/12945\/revisions"}],"predecessor-version":[{"id":14696,"href":"https:\/\/villagedefeves.fr\/index.php?rest_route=\/wp\/v2\/pages\/12945\/revisions\/14696"}],"wp:attachment":[{"href":"https:\/\/villagedefeves.fr\/index.php?rest_route=%2Fwp%2Fv2%2Fmedia&parent=12945"}],"curies":[{"name":"wp","href":"https:\/\/api.w.org\/{rel}","templated":true}]}}